{"id":6779,"date":"2020-02-28T16:14:32","date_gmt":"2020-02-28T15:14:32","guid":{"rendered":"http:\/\/www.mocciaterracotte.it\/wp\/?page_id=15"},"modified":"2024-10-07T14:06:06","modified_gmt":"2024-10-07T12:06:06","slug":"chi-siamo","status":"publish","type":"page","link":"https:\/\/www.mocciaterracotte.it\/index.php\/chi-siamo\/","title":{"rendered":"Chi Siamo"},"content":{"rendered":"<div class=\"wp-block-image\">\n<figure class=\"aligncenter size-full\"><img fetchpriority=\"high\" decoding=\"async\" width=\"450\" height=\"299\" src=\"http:\/\/www.mocciaterracotte.it\/wp-content\/uploads\/2023\/05\/cop20.jpg\" alt=\"\" class=\"wp-image-6915\" srcset=\"https:\/\/www.mocciaterracotte.it\/wp-content\/uploads\/2023\/05\/cop20.jpg 450w, https:\/\/www.mocciaterracotte.it\/wp-content\/uploads\/2023\/05\/cop20-300x199.jpg 300w\" sizes=\"(max-width: 450px) 100vw, 450px\" \/><\/figure><\/div>\n\n<p><!--vcv no format--><\/p>\n<div class=\"vce-row-container\">\n<div id=\"el-03277d64\" class=\"vce-row vce-row--col-gap-30 vce-row-columns--top vce-row-content--top\" data-vce-do-apply=\"all el-03277d64\">\n<div class=\"vce-row-content\" data-vce-element-content=\"true\">\n<div id=\"el-a8b99c7f\" class=\"vce-col\">\n<div class=\"vce-col-inner\" data-vce-do-apply=\"border margin background  el-a8b99c7f\">\n<div class=\"vce-col-content\" data-vce-element-content=\"true\" data-vce-do-apply=\"padding el-a8b99c7f\">\n<div class=\"vce-text-block\">\n<div id=\"el-4c0f01a9\" class=\"vce-text-block-wrapper vce\" data-vce-do-apply=\"all el-4c0f01a9\">\n<div class=\"one-half\">\n<p>Moccia Italian Art Decor: Tradizione e Arte in Terracotta dal Cuore della Puglia<\/p>\n<p>Da oltre 30 anni, Moccia Italian Art Decor \u00e8 sinonimo di eccellenza e tradizione nella produzione artistica di ceramica, terracotte e fischietti. Fondata e gestita da Vito Moccia e Rosa Pagliarulo, la nostra azienda ha radici profonde a Rutigliano, una terra dove la cultura dei fischietti in terracotta \u00e8 viva da secoli. Il fischietto di terracotta \u00e8 un vero e proprio strumento musicale, e la Puglia \u00e8 indubbiamente la regione italiana dove questo oggetto viene prodotto con maestria artigianale. Siamo orgogliosi di portare avanti questa tradizione, reinterpretando gli usi, i costumi e i personaggi della nostra storia, e dando loro nuova vita attraverso le nostre creazioni.<\/p>\n<p>Abbiamo registrato il nostro marchio presso la Camera di Commercio Italiana per garantire che tutte le nostre opere siano protette da copyright, assicurando l\u2019originalit\u00e0 e l\u2019unicit\u00e0 dei nostri prodotti.<\/p>\n<p>La qualit\u00e0 delle nostre opere \u00e8 riconosciuta a livello internazionale: le nostre creazioni sono state esposte a Shenzhen, in Cina, e a New York, in America, per due volte, riscuotendo grande apprezzamento. Questi traguardi testimoniano il nostro impegno e la nostra passione per l&#8217;arte, permettendoci di raggiungere clienti e collezionisti in tutto il mondo.<\/p>\n<p>Nel 2018, abbiamo dato vita al progetto &#8220;ColoriR\u00f2&#8221; (clicca <a href=\"http:\/\/www.mocciaterracotte.it\/Coloriro\">qui)<\/a> , un\u2019iniziativa volta a promuovere l\u2019arte della ceramica attraverso corsi creativi per adulti e bambini. Offriamo un\u2019esperienza immersiva e coinvolgente per chiunque voglia scoprire e sperimentare l\u2019antica tradizione della ceramica pugliese.<\/p>\n<p>Visita la nostra bottega e lasciati ispirare dalla bellezza delle nostre opere: ogni pezzo racconta una storia, la nostra e quella della nostra terra.<\/p>\n<p class=\"style11\" align=\"JUSTIFY\"><em>\u00a0<\/em><\/p>\n<\/div>\n<\/div>\n<\/div>\n<\/div>\n<\/div>\n<\/div>\n<\/div>\n<\/div>\n<\/div>\n<p><!--vcv no format--><\/p>","protected":false},"excerpt":{"rendered":"<p>Moccia Italian Art Decor: Tradizione e Arte in Terracotta dal Cuore della Puglia Da oltre 30 anni, Moccia Italian Art Decor \u00e8 sinonimo di eccellenza e tradizione nella produzione artistica di ceramica, terracotte e fischietti. Fondata e gestita da Vito Moccia e Rosa Pagliarulo, la nostra azienda ha radici profonde a Rutigliano, una terra dove [&hellip;]<\/p>\n","protected":false},"author":1,"featured_media":0,"parent":0,"menu_order":0,"comment_status":"closed","ping_status":"closed","template":"page-templates\/about-one.php","meta":[],"yoast_head":"<!-- This site is optimized with the Yoast SEO plugin v21.8 - https:\/\/yoast.com\/wordpress\/plugins\/seo\/ -->\r\n<title>Chi Siamo - Fischietti di Terracotta di Moccia - Pagliarulo<\/title>\r\n<meta name=\"robots\" content=\"index, follow, max-snippet:-1, max-image-preview:large, max-video-preview:-1\" \/>\r\n<link rel=\"canonical\" href=\"https:\/\/www.mocciaterracotte.it\/index.php\/chi-siamo\/\" \/>\r\n<meta property=\"og:locale\" content=\"it_IT\" \/>\r\n<meta property=\"og:type\" content=\"article\" \/>\r\n<meta property=\"og:title\" content=\"Chi Siamo - Fischietti di Terracotta di Moccia - Pagliarulo\" \/>\r\n<meta property=\"og:description\" content=\"Moccia Italian Art Decor: Tradizione e Arte in Terracotta dal Cuore della Puglia Da oltre 30 anni, Moccia Italian Art Decor \u00e8 sinonimo di eccellenza e tradizione nella produzione artistica di ceramica, terracotte e fischietti. Fondata e gestita da Vito Moccia e Rosa Pagliarulo, la nostra azienda ha radici profonde a Rutigliano, una terra dove [&hellip;]\" \/>\r\n<meta property=\"og:url\" content=\"https:\/\/www.mocciaterracotte.it\/index.php\/chi-siamo\/\" \/>\r\n<meta property=\"og:site_name\" content=\"Fischietti di Terracotta di Moccia - Pagliarulo\" \/>\r\n<meta property=\"article:publisher\" content=\"https:\/\/www.facebook.com\/FischiettiInTerracottaMocciaPagliarulo\" \/>\r\n<meta property=\"article:modified_time\" content=\"2024-10-07T12:06:06+00:00\" \/>\r\n<meta property=\"og:image\" content=\"http:\/\/www.mocciaterracotte.it\/wp-content\/uploads\/2023\/05\/cop20.jpg\" \/>\r\n<meta name=\"twitter:card\" content=\"summary_large_image\" \/>\r\n<meta name=\"twitter:label1\" content=\"Tempo di lettura stimato\" \/>\n\t<meta name=\"twitter:data1\" content=\"2 minuti\" \/>\r\n<script type=\"application\/ld+json\" class=\"yoast-schema-graph\">{\"@context\":\"https:\/\/schema.org\",\"@graph\":[{\"@type\":\"WebPage\",\"@id\":\"https:\/\/www.mocciaterracotte.it\/index.php\/chi-siamo\/\",\"url\":\"https:\/\/www.mocciaterracotte.it\/index.php\/chi-siamo\/\",\"name\":\"Chi Siamo - Fischietti di Terracotta di Moccia - Pagliarulo\",\"isPartOf\":{\"@id\":\"https:\/\/www.mocciaterracotte.it\/#website\"},\"datePublished\":\"2020-02-28T15:14:32+00:00\",\"dateModified\":\"2024-10-07T12:06:06+00:00\",\"breadcrumb\":{\"@id\":\"https:\/\/www.mocciaterracotte.it\/index.php\/chi-siamo\/#breadcrumb\"},\"inLanguage\":\"it-IT\",\"potentialAction\":[{\"@type\":\"ReadAction\",\"target\":[\"https:\/\/www.mocciaterracotte.it\/index.php\/chi-siamo\/\"]}]},{\"@type\":\"BreadcrumbList\",\"@id\":\"https:\/\/www.mocciaterracotte.it\/index.php\/chi-siamo\/#breadcrumb\",\"itemListElement\":[{\"@type\":\"ListItem\",\"position\":1,\"name\":\"Home\",\"item\":\"https:\/\/www.mocciaterracotte.it\/\"},{\"@type\":\"ListItem\",\"position\":2,\"name\":\"Chi Siamo\"}]},{\"@type\":\"WebSite\",\"@id\":\"https:\/\/www.mocciaterracotte.it\/#website\",\"url\":\"https:\/\/www.mocciaterracotte.it\/\",\"name\":\"Fischietti di Terracotta di Moccia - Pagliarulo\",\"description\":\"\",\"publisher\":{\"@id\":\"https:\/\/www.mocciaterracotte.it\/#organization\"},\"potentialAction\":[{\"@type\":\"SearchAction\",\"target\":{\"@type\":\"EntryPoint\",\"urlTemplate\":\"https:\/\/www.mocciaterracotte.it\/?s={search_term_string}\"},\"query-input\":\"required name=search_term_string\"}],\"inLanguage\":\"it-IT\"},{\"@type\":\"Organization\",\"@id\":\"https:\/\/www.mocciaterracotte.it\/#organization\",\"name\":\"Fischietti di Terracotta di Moccia - Pagliarulo\",\"url\":\"https:\/\/www.mocciaterracotte.it\/\",\"logo\":{\"@type\":\"ImageObject\",\"inLanguage\":\"it-IT\",\"@id\":\"https:\/\/www.mocciaterracotte.it\/#\/schema\/logo\/image\/\",\"url\":\"https:\/\/www.mocciaterracotte.it\/wp-content\/uploads\/2023\/07\/ffffffff-5.png\",\"contentUrl\":\"https:\/\/www.mocciaterracotte.it\/wp-content\/uploads\/2023\/07\/ffffffff-5.png\",\"width\":266,\"height\":120,\"caption\":\"Fischietti di Terracotta di Moccia - Pagliarulo\"},\"image\":{\"@id\":\"https:\/\/www.mocciaterracotte.it\/#\/schema\/logo\/image\/\"},\"sameAs\":[\"https:\/\/www.facebook.com\/FischiettiInTerracottaMocciaPagliarulo\",\"https:\/\/www.instagram.com\/mocciaitalianart\/\"]}]}<\/script>\r\n<!-- \/ Yoast SEO plugin. -->","yoast_head_json":{"title":"Chi Siamo - Fischietti di Terracotta di Moccia - Pagliarulo","robots":{"index":"index","follow":"follow","max-snippet":"max-snippet:-1","max-image-preview":"max-image-preview:large","max-video-preview":"max-video-preview:-1"},"canonical":"https:\/\/www.mocciaterracotte.it\/index.php\/chi-siamo\/","og_locale":"it_IT","og_type":"article","og_title":"Chi Siamo - Fischietti di Terracotta di Moccia - Pagliarulo","og_description":"Moccia Italian Art Decor: Tradizione e Arte in Terracotta dal Cuore della Puglia Da oltre 30 anni, Moccia Italian Art Decor \u00e8 sinonimo di eccellenza e tradizione nella produzione artistica di ceramica, terracotte e fischietti. Fondata e gestita da Vito Moccia e Rosa Pagliarulo, la nostra azienda ha radici profonde a Rutigliano, una terra dove [&hellip;]","og_url":"https:\/\/www.mocciaterracotte.it\/index.php\/chi-siamo\/","og_site_name":"Fischietti di Terracotta di Moccia - Pagliarulo","article_publisher":"https:\/\/www.facebook.com\/FischiettiInTerracottaMocciaPagliarulo","article_modified_time":"2024-10-07T12:06:06+00:00","og_image":[{"url":"http:\/\/www.mocciaterracotte.it\/wp-content\/uploads\/2023\/05\/cop20.jpg"}],"twitter_card":"summary_large_image","twitter_misc":{"Tempo di lettura stimato":"2 minuti"},"schema":{"@context":"https:\/\/schema.org","@graph":[{"@type":"WebPage","@id":"https:\/\/www.mocciaterracotte.it\/index.php\/chi-siamo\/","url":"https:\/\/www.mocciaterracotte.it\/index.php\/chi-siamo\/","name":"Chi Siamo - Fischietti di Terracotta di Moccia - Pagliarulo","isPartOf":{"@id":"https:\/\/www.mocciaterracotte.it\/#website"},"datePublished":"2020-02-28T15:14:32+00:00","dateModified":"2024-10-07T12:06:06+00:00","breadcrumb":{"@id":"https:\/\/www.mocciaterracotte.it\/index.php\/chi-siamo\/#breadcrumb"},"inLanguage":"it-IT","potentialAction":[{"@type":"ReadAction","target":["https:\/\/www.mocciaterracotte.it\/index.php\/chi-siamo\/"]}]},{"@type":"BreadcrumbList","@id":"https:\/\/www.mocciaterracotte.it\/index.php\/chi-siamo\/#breadcrumb","itemListElement":[{"@type":"ListItem","position":1,"name":"Home","item":"https:\/\/www.mocciaterracotte.it\/"},{"@type":"ListItem","position":2,"name":"Chi Siamo"}]},{"@type":"WebSite","@id":"https:\/\/www.mocciaterracotte.it\/#website","url":"https:\/\/www.mocciaterracotte.it\/","name":"Fischietti di Terracotta di Moccia - Pagliarulo","description":"","publisher":{"@id":"https:\/\/www.mocciaterracotte.it\/#organization"},"potentialAction":[{"@type":"SearchAction","target":{"@type":"EntryPoint","urlTemplate":"https:\/\/www.mocciaterracotte.it\/?s={search_term_string}"},"query-input":"required name=search_term_string"}],"inLanguage":"it-IT"},{"@type":"Organization","@id":"https:\/\/www.mocciaterracotte.it\/#organization","name":"Fischietti di Terracotta di Moccia - Pagliarulo","url":"https:\/\/www.mocciaterracotte.it\/","logo":{"@type":"ImageObject","inLanguage":"it-IT","@id":"https:\/\/www.mocciaterracotte.it\/#\/schema\/logo\/image\/","url":"https:\/\/www.mocciaterracotte.it\/wp-content\/uploads\/2023\/07\/ffffffff-5.png","contentUrl":"https:\/\/www.mocciaterracotte.it\/wp-content\/uploads\/2023\/07\/ffffffff-5.png","width":266,"height":120,"caption":"Fischietti di Terracotta di Moccia - Pagliarulo"},"image":{"@id":"https:\/\/www.mocciaterracotte.it\/#\/schema\/logo\/image\/"},"sameAs":["https:\/\/www.facebook.com\/FischiettiInTerracottaMocciaPagliarulo","https:\/\/www.instagram.com\/mocciaitalianart\/"]}]}},"_links":{"self":[{"href":"https:\/\/www.mocciaterracotte.it\/index.php\/wp-json\/wp\/v2\/pages\/6779"}],"collection":[{"href":"https:\/\/www.mocciaterracotte.it\/index.php\/wp-json\/wp\/v2\/pages"}],"about":[{"href":"https:\/\/www.mocciaterracotte.it\/index.php\/wp-json\/wp\/v2\/types\/page"}],"author":[{"embeddable":true,"href":"https:\/\/www.mocciaterracotte.it\/index.php\/wp-json\/wp\/v2\/users\/1"}],"replies":[{"embeddable":true,"href":"https:\/\/www.mocciaterracotte.it\/index.php\/wp-json\/wp\/v2\/comments?post=6779"}],"version-history":[{"count":3,"href":"https:\/\/www.mocciaterracotte.it\/index.php\/wp-json\/wp\/v2\/pages\/6779\/revisions"}],"predecessor-version":[{"id":7160,"href":"https:\/\/www.mocciaterracotte.it\/index.php\/wp-json\/wp\/v2\/pages\/6779\/revisions\/7160"}],"wp:attachment":[{"href":"https:\/\/www.mocciaterracotte.it\/index.php\/wp-json\/wp\/v2\/media?parent=6779"}],"curies":[{"name":"wp","href":"https:\/\/api.w.org\/{rel}","templated":true}]}}